Calculate s(-41).
24
Let u(d) = -10*d + 457. Give u(66).
-203
Let u(c) = -29*c**2 + 2787*c - 337. What is u(96)?
-49
Let h(v) = v**3 - 11*v**2 - 56*v + 729. What is h(10)?
69
Let i(x) = -107726*x + 323173. Calculate i(3).
-5
Let j(t) = 51076*t - 408767. Calculate j(8).
-159
Let c(k) = -2814*k**2 - 14075*k - 14. What is c(-5)?
11
Let t(q) = -q**3 - 39*q**2 + 178*q - 1. What is t(-43)?
-259
Let s(h) = 19*h**2 - 195*h + 99. Give s(12).
495
Let m(k) = k**2 - 16843*k + 873130. What is m(52)?
-2
Let q(f) = 37*f**2 + 69*f - 199. Determine q(2).
87
Let s(p) = 10*p**2 - 511*p + 5788. Give s(17).
-9
Let o(n) = -27*n**2 - 606*n + 14. Calculate o(-17).
2513
Let c(j) = 2244*j - 4909. Determine c(2).
-421
Let x(q) = -28*q**2 + 167*q - 838. Calculate x(5).
-703
Let o(r) = 8445*r**2 - 8432*r - 11. Determine o(1).
2
Let q(d) = -321*d + 7541. Calculate q(25).
-484
Let p(q) = -5*q**3 + 78*q**2 + 963*q + 146. Give p(-8).
-6
Let r(g) = -1474*g - 4747. Give r(-2).
-1799
Let z(p) = 2*p**2 - 4963*p - 110210. Determine z(-22).
-56
Let r(h) = -32*h**2 + 1655*h - 1652. What is r(1)?
-29
Let d(y) = -y**2 + 7973*y - 79632. What is d(10)?
-2
Let w(x) = -708084*x - 9205089. What is w(-13)?
3
Let b(r) = -r**2 + 69*r + 9262. What is b(-68)?
-54
Let r(n) = 3*n**3 - 164*n**2 + 835*n - 148. Give r(49).
-50
Let i(q) = q**3 - 54*q**2 + 71*q - 116. Give i(53).
838
Let i(k) = -54*k**3 - k**2 + 11*k - 70. Determine i(4).
-3498
Let d(x) = -7*x**3 - 759*x**2 + 458*x + 2442. Calculate d(-109).
44
Let x(w) = w**3 + 977*w**2 + 11573*w + 32. Give x(-12).
116
Let w(d) = -57*d**2 + 33*d + 60. Give w(-4).
-984
Let l(d) = -2*d**3 - 388*d**2 - 857*d - 17082. What is l(-192)?
6
Let r(j) = -50247*j - 502471. Calculate r(-10).
-1
Let m(x) = 4563*x - 36501. Calculate m(8).
3
Let k(t) = -t**3 - 733*t**2 + 1858*t + 1361915. Give k(-733).
1
Let h(w) = 591*w - 182570. Determine h(309).
49
Let g(p) = 35*p**3 + 1368*p**2 + 113*p - 104. Determine g(-39).
52
Let a(k) = -12*k**3 + 6036*k**2 + 49*k - 24817. Give a(503).
-170
Let f(d) = -d**3 - 11140*d**2 - 89043*d + 110. Give f(-8).
6
Let d(p) = p**3 - 34*p**2 + 75*p + 2580. Determine d(13).
6
Let x(y) = 2*y**3 + 95*y**2 - 360*y - 148. Calculate x(-51).
5
Let x(h) = 820*h - 1940. Determine x(0).
-1940
Let i(l) = 7*l**2 + 11479*l + 180270. Calculate i(-1624).
6
Let r(l) = -11*l**2 + 164*l - 137. Calculate r(14).
3
Let t(u) = -u**3 + 40*u**2 - 4*u + 373. Give t(40).
213
Let m(j) = 2394*j - 10404. Determine m(5).
1566
Let j(k) = 2*k**3 + 267*k**2 + 2247*k + 56. Calculate j(-9).
2
Let p(j) = -15673*j + 16198. Calculate p(1).
525
Let d(w) = -768*w**3 - 2278*w**2 + 19*w + 56. What is d(-3)?
233
Let c(s) = -2*s**2 + 2708*s - 37673. Calculate c(14).
-153
Let w(c) = -c**2 - 6518*c - 3767150. Determine w(-641).
7
Let x(g) = 21*g**2 + 11025*g - 11036. What is x(-526)?
10
Let k(z) = -2*z**3 + 219*z**2 + 810*z + 1774. Determine k(113).
3921
Let o(d) = d**3 - 83*d**2 + 936*d - 1442. What is o(11)?
142
Let i(z) = z**3 - 745*z**2 - 22841*z - 316973. What is i(775)?
2
Let i(w) = -982615*w - 36356754. Determine i(-37).
1
Let x(k) = 1065*k + 18004. What is x(-17)?
-101
Let y(t) = -2*t**3 - 8*t + 66. What is y(8)?
-1022
Let w(o) = -109*o + 17657. Give w(162).
-1
Let i(h) = 72724*h + 72706. Determine i(-1).
-18
Let g(c) = 18*c**2 + 5817*c - 4884. Calculate g(-324).
-24
Let o(p) = 49*p**2 - 326*p + 286. Calculate o(6).
94
Let q(h) = 5*h**2 - 583*h + 3854. Calculate q(7).
18
Let q(h) = 13*h**2 - 143*h - 184. Give q(-6).
1142
Let k(g) = -92983*g + 278960. Calculate k(3).
11
Let m(d) = d**3 + 68*d**2 - 417*d + 438. Determine m(5).
178
Let l(w) = 1138*w + 57590. Give l(-51).
-448
Let d(k) = -k**2 - 573*k + 26943. Determine d(44).
-205
Let u(z) = -z**2 + 6379*z + 51117. Calculate u(-8).
21
Let w(g) = -170*g**2 - 1514*g + 103. Determine w(-9).
-41
Let z(a) = -831965*a + 2495914. Give z(3).
19
Let k(y) = -14*y - 532. What is k(-94)?
784
Let a(w) = 13553*w + 5028119. Determine a(-371).
-44
Let y(u) = -2*u**2 + 115*u - 935. What is y(30)?
715
Let g(r) = 1644*r - 7300. Give g(6).
2564
Let c(o) = 70*o**2 + 12876*o - 698. Determine c(-184).
38
Let q(g) = 2205*g - 37989. What is q(17)?
-504
Let h(x) = x**3 - 46*x**2 + 63*x - 831. What is h(45)?
-21
Let m(d) = -d**3 + 87*d**2 - 177*d - 28. What is m(0)?
-28
Let r(s) = -8922*s + 597732. Give r(67).
-42
Let c(k) = -9363*k - 15. Calculate c(0).
-15
Let d(m) = -3*m**2 - 34*m + 38. Determine d(-16).
-186
Let a(j) = -29577*j + 266203. Determine a(9).
10
Let p(q) = -2094*q - 4066. Give p(-2).
122
Let h(c) = -5693*c + 30044. Give h(5).
1579
Let k(a) = a**2 - 2708*a + 169142. Give k(64).
-74
Let t(b) = -117*b**2 - 260*b + 815. Determine t(-4).
-17
Let c(u) = 3*u**3 + 162*u**2 - 513*u - 9. Determine c(-57).
-9
Let u(i) = 344*i - 2485. Calculate u(7).
-77
Let r(y) = -171*y + 1870. What is r(14)?
-524
Let x(l) = 18*l**3 - 8*l**2 + 70*l + 343. Determine x(-5).
-2457
Let h(p) = -14164*p - 297479. Calculate h(-21).
-35
Let t(w) = w**3 + 279*w**2 - 554*w + 2200. Give t(-281).
-48
Let x(f) = -f**2 + 150*f - 3727. Determine x(31).
-38
Let a(m) = m**3 - 143*m**2 + 2868*m - 410118. What is a(143)?
6
Let s(d) = -2*d**2 - 558*d + 11003. Calculate s(-297).
311
Let a(v) = -3*v**3 + 5496*v**2 - 10984*v + 3. Determine a(2).
-5
Let h(r) = r**3 + 87*r**2 + 1496*r + 121226. Give h(-86).
-34
Let o(y) = 2*y**3 - 355*y**2 + 803*y + 12663. What is o(175)?
63
Let q(m) = -8*m**2 - 203*m - 57. Determine q(-19).
912
Let w(r) = 1572*r - 11313. What is w(6)?
-1881
Let d(p) = -439*p**2 + 2774*p - 117. Calculate d(6).
723
Let p(o) = -3*o**2 - 10580*o + 21147. Give p(2).
-25
Let w(b) = -b**3 - 117*b**2 - 1076*b - 221. Determine w(-107).
421
Let s(r) = 8*r**3 + 66*r**2 - 394*r + 567. Give s(3).
195
Let a(m) = -2759*m**2 + 14254*m - 6. What is a(5)?
2289
Let c(g) = g**3 - 90*g**2 + 427*g + 11. Give c(5).
21
Let u(f) = 832*f - 140596. Give u(169).
12
Let n(o) = o**3 + 8*o**2 - 181*o - 1578. What is n(-12)?
18
Let h(s) = s**3 + 17*s**2 + 14*s + 1029. What is h(-19)?
41
Let k(g) = 6*g - 2002. What is k(136)?
-1186
Let r(o) = -603249*o + 6032487. Give r(10).
-3
Let n(u) = u**2 + 879*u + 48373. What is n(-59)?
-7
Let w(k) = -15*k**3 - 2*k**2 - 4*k - 4. What is w(2)?
-140
Let n(d) = -91601*d + 274802. Give n(3).
-1
Let f(x) = 725447*x + 8705383. What is f(-12)?
19
Let w(d) = -103026*d + 824223. Calculate w(8).
15
Let o(v) = 3*v**2 + 75*v - 1406. Determine o(12).
-74
Let k(s) = 5*s**2 + 1274*s + 19136. Give k(-15).
1151
Let c(j) = j**3 - 38*j**2 - 16*j + 401. Calculate c(38).
-207
Let i(p) = -p**3 - 140*p**2 - 2394*p + 695. Determine i(-120).
-25
Let f(h) = 7*h**2 - 883*h + 3546. What is f(4)?
126
Let l(b) = -3*b**3 - 63*b**2 - 47*b - 297. Determine l(-21).
690
Let n(s) = -2*s**2 - 6760*s + 54213. What is n(8)?
5
Let w(n) = -123*n**2 + 6483*n + 1896. Calculate w(53).
-12
Let m(r) = -r**2 - 376*r - 30973. What is m(-254)?
15
Let u(r) = 4*r**3 + 20*r**2 + 126*r + 168. Give u(-5).
-462
Let c(m) = 5*m**3 + 106*m**2 - 23*m + 148. Determine c(-21).
1072
Let w(m) = 24*m - 1377. What is w(94)?
879
Let z(n) = -21*n**2 + 394*n + 392. Calculate z(20).
-128
Let s(d) = 36231*d - 2173872. Give s(60).
-12
Let a(c) = 41*c**2 + 308*c + 25. Determine a(-7).
-122
Let p(s) = 2569*s - 156709. Give p(61).
0
Let r(k) = -46875*k + 234308. Calculate r(5).
-67
Let o(r) = r**2 - 171764*r + 2232755. Give o(13).
-8
Let o(n) = 2*n**3 + 436*n**2 + 9316*n + 775. Give o(-194).
-1
Let r(b) = -b**2 + 538*b - 68885. Calculate r(328).
-5
Let a(g) = 4*g**3 + 14*g**2 - 26*g - 28. Calculate a(-8).
-972
Let t(d) = 114*d**3 + 14*d**2 + 39*d + 26. What is t(-2)?
-908
Let i(o) = -79*o**2 - 457*o + 708. Determine i(-7).
36
Let z(k) = -3*k**3 + 37*k + 771. Calculate z(0).
771
Let w(a) = a**3 + 25*a**2 - 218*a - 2776. What is w(-14)?
2432
Let b(p) = -1536*p + 7617. Give b(5).
-63
Let z(o) = o**2 + 382*o - 210546. Determine z(306).
-18
Let h(c) = -1318*c + 193734. Give h(147).
-12
Let i(z) = 593*z**2 + 14234*z + 60. Determine i(-24).
12
Let z(h) = -6*h**2 + 64*h + 562. What is z(15)?
172
Let u(y) = y**3 + 253*y**2 + 147*y + 36019. Give u(-253).
-1172
Let o(a) = -a**3 + 33*a**2 + 56*a - 63. Give o(35).
-553
Let q(g) = 316932*g + 1267730. What is q(-4)?
2
Let d(t) = -t**2 - 571*t - 8768. What is d(-16)?
112
Let f(b) = 3*b**3 - 137*b**2 +